) = 6*b - d*b**2 + 17*b**2 - 7*b**2 + 2. Determine p(-4).
10
Suppose 5*j - 67 = 4*a, -2*j - 3 - 17 = 2*a. Let x = a - -11. Let v(o) be the third derivative of o**5/20 + o**4/8 + o**3/2 - o**2. Calculate v(x).
9
Let z be -3 - 10/(-7 + 2). Let j(m) = m**3 - m**2 + m - 1. Let x(r) = 5*r**3 - 2. Let h(i) = z*x(i) + j(i). Determine h(-1).
3
Let h(n) be the first derivative of 1/2*n**2 + 6 - n. Determine h(-3).
-4
Let u(x) = -3*x**3 + 7*x + 4*x**3 - 8 - x - 5*x**2. Let k(t) = -1. Suppose -33 = -31*o - 2. Let w(v) = o*u(v) - 5*k(v). What is w(4)?
5
Let a = 375 - 197. Suppose -6*i = a - 208. Let z(t) be the second derivative of t**5/20 - t**4/3 - 2*t**3/3 - t**2/2 + t. What is z(i)?
4
Suppose -5*a + 7 = 4*l, -l = -0*l + 2. Let n(t) = -t**3 - 2*t**2 + 1 + 0 + 2*t**a - t. Let b(f) = -f**3 - 2*f**2 + 13*f - 8. Let d be b(-5). What is n(d)?
-1
Suppose 5*m + 4 = m. Let s(w) = -5*w + 8*w - 1 - 2*w**2 - 10*w + 3*w**2 + 6*w. What is s(m)?
1
Let c(h) be the second derivative of 1/3*h**3 - 5/2*h**2 + 0 + 2*h. Give c(4).
3
Let u = 90 - 87. Let i(q) = -3*q**3 + 32*q - 39*q - 5*q**2 + 4*q**u + 5. Give i(6).
-1
Suppose -2*k + 5*k = 0. Suppose -3*a + 5 + 7 = 4*i, -i + 4*a - 16 = 0. Let m(p) = -2 + 8 + i*p**3 - p**2 - p**3 + 0*p**3 - p. Calculate m(k).
6
Let p(g) = -g**3 + 3*g - 1. Let b(t) = 2*t**3 - t**2 - 10*t + 5. Let r(a) = -b(a) - 3*p(a). Determine r(-2).
-8
Let n(k) be the third derivative of k**6/120 + k**5/30 - k**4/24 + 4*k**2. Let s be (0 + 1)/(0 - 1). Let x be -3 - s/(-2)*0. What is n(x)?
-6
Let j = 3 + -2. Let m(s) = s**3 + 0*s - j - 5*s**2 + 5 + 2*s. Suppose -43 + 127 = 28*v. Determine m(v).
-8
Let l(x) = 33*x - 54. Let g(k) = -12*k + 18. Let u(v) = 8*g(v) + 3*l(v). Give u(10).
12
Let f(i) = -2*i - 5. Let b be (0 + (-3)/(-6))*-10. Let q be f(b). Let c(x) be the second derivative of -x**4/12 + x**3/2 - 3*x**2/2 + x. Give c(q).
-13
Let w(j) = -j - 5. Let p(f) = -1. Let b(o) = 2*p(o) - w(o). Let h(l) = l**2 + 7*l - 21. Let u be h(6). Let s = u + -62. Calculate b(s).
-2
Let j = -26 - -24. Let m(a) = 4*a**2 + 4*a - 13. Let t(n) = -2*n**2 - 2*n + 6. Let s(y) = 6*m(y) + 13*t(y). What is s(j)?
-4
Let c(d) = -11*d + 1. Suppose -3*o = -7*o - 4. Let b(r) = -r**2 + 3*r - 1. Let l(w) = w**2 - 4*w + 2. Let v(q) = 3*b(q) + 2*l(q). Let u be v(o). Give c(u).
12
Let y(f) be the third derivative of -f**5/60 - 5*f**4/24 + f**3/6 - 38*f**2. Give y(-6).
-5
Let o(q) = -16*q + 65. Let i(p) = -5*p + 22. Let m(l) = 7*i(l) - 2*o(l). Determine m(9).
-3
Let o = 758 + -741. Let a(h) = -h**3 + 17*h**2 + 2. What is a(o)?
2
Let d(n) be the first derivative of n**4/4 + 5*n**3/3 - 4*n**2 - 7*n - 32. Give d(-6).
5
Let y(p) = -p**3 - 5*p**2 - p - 2. Suppose 4*b - 147 = -159. Let q be -1 + 1 + (-18)/b + -10. Determine y(q).
-14
Let p = 3697/6 + -616. Let w(j) be the third derivative of -2*j**2 + 0*j - p*j**3 + 1/24*j**4 + 0. What is w(1)?
0
Let w(y) = 6*y**2 - 4*y + 3. Let s(c) = c**3 - 7*c**2 - 8*c + 5. Let r be s(8). Let o(p) = -11*p**2 + 9*p - 7. Let b(n) = r*w(n) + 2*o(n). Calculate b(1).
7
Let d(r) = -8*r**2 - 175*r + 18. Let a be d(-22). Let j(c) = c + 11. Calculate j(a).
7
Let c(y) = 2*y**2 - 3*y - 7. Let w be c(3). Let k(x) = x + 13. Let o(i) = 2*i + 26. Let r(q) = w*o(q) - 5*k(q). Give r(-9).
-4
Suppose 9*d = 5*d - 12. Let b(h) = 3*h. Give b(d).
-9
Let q(j) be the first derivative of j**4/4 + 5*j**3/3 - 2*j**2 + 5. Let p(y) = -4*y + 67. Let b be p(18). Calculate q(b).
20
Let v = 148 + -142. Let o(y) = 23*y**2 - 32*y**2 + 2*y**3 + 1 + v*y**2. Let g(w) = -w**3 - 4*w**2 + 2. Let r be g(-4). What is o(r)?
5
Suppose 0 = 6*d - 5*d + 3*o, -o = 5*d. Let q(z) = -11*z - 5*z + d*z. Give q(1).
-16
Let j(d) be the second derivative of -d**4/3 - d**3/6 + d**2/2 - 4*d. Let z be j(2). Let c = 19 + z. Let p(g) = g + 1. Determine p(c).
3
Let p be (8/(-16))/(1/(-2)). Let a be 1/(-3) - 16/(-12). Let q(v) = 1 + 1 - 5*v - a - 2. Determine q(p).
-6
Let r = -4 + 4. Suppose 5*j - j = r. Let z(b) = -b**2 - 2. Determine z(j).
-2
Let s(r) = -r**2 + 2*r + 8. Suppose 18 = 4*v + 2*t, -2*t - 17 + 15 = -v. What is s(v)?
0
Let d(w) be the second derivative of -w**4/12 - 7*w**3/6 - w**2/2 - 12*w. Let o be (-45)/6*40/50. Give d(o).
5
Let w(f) = -6*f + 4. Let b(n) = -10*n - 1 + 17*n - 8*n. Let h(k) = 3*b(k) - w(k). Determine h(6).
11
Let g = -454 + 448. Let w(v) = 3*v**2 + 3*v - 5. Let f(a) = -7*a**2 - 5*a + 9. Let r(z) = 2*f(z) + 5*w(z). What is r(g)?
-1
Let q be (2 + -1)/(2 - 1). Let w(b) be the third derivative of 0*b + 1/60*b**5 + 9*b**2 + 0*b**4 + 0 + 1/6*b**3. Give w(q).
2
Let t(v) = 0*v + v + 0 - 6 - 2*v. Suppose -2*u + 2 = 2*f, -u + 2*u - 11 = -3*f. Suppose -6*m - s - 36 = -m, m + f = 2*s. Give t(m).
1
Let q be 0 - -3 - (-12)/(-4). Suppose q = -2*i - 2*c + 4 + 10, -4*c + 18 = -i. Suppose 3*g - 2*g + 5*v + i = 0, -3*v = 3. Let r(m) = -m - 4. Give r(g).
-7
Suppose -5 = 2*f - 4*n - 7, -3*f = 3*n + 42. Let l(x) = -x**2 - 10*x + 8. Determine l(f).
17
Let d(v) be the first derivative of v**2 + 3*v - 3. Let q be (-3)/(6*4/(-208)). Suppose 4*b + q = -2*p + 4*p, 0 = -5*b - p - 29. Calculate d(b).
-9
Let b be ((-1)/3)/(33/(-99)). Let h(r) = -16*r. Give h(b).
-16
Let b be (-4 + 11 + -2)*1. Suppose -4*r + 75 = -b. Let z be 5/(r/12) + -3. Let l(f) = -f + 9. What is l(z)?
9
Let w(m) = -3*m + 16. Let l = 318 + -313. Determine w(l).
1
Let b(s) = -11*s - 1. Suppose -5*v - 8 = -38. Let p = 5 - v. Determine b(p).
10
Let b(i) = -16*i**2 - 3*i - i**3 - 19*i**2 + 46*i**2 + 16. Give b(11).
-17
Let h(b) = b - 10. Let a be (-6)/(-2) + 3*(-1 + 2). Give h(a).
-4
Let h(u) be the third derivative of 0*u + 0 - 1/60*u**5 - 5/6*u**3 + 7/24*u**4 - 16*u**2. Give h(4).
7
Suppose k = -4*m - 2*k + 31, 3*m - 5*k - 16 = 0. Let t(a) = 7*a - 4. What is t(m)?
45
Suppose p = 6*p - 15. Suppose -p*u + 0*a = -3*a, 0 = -5*u - a - 18. Let l(n) = -n**2 - n - 4. Give l(u).
-10
Let r be 5*((-4)/(-4))/1. Suppose 0 = r*j - a - 12, j + 0*j + 4*a + 6 = 0. Suppose 4*c = 4*l + 36, 2*l + 10 + j = c. Let f(o) = -o**2 + 8*o - 9. What is f(c)?
3
Suppose 0 = 12*x + 3*x + 30. Let k(m) = 20*m - 2. Calculate k(x).
-42
Let l(s) = 10*s**2 + 2*s - 1. Let u be (12/84)/(4/(-14))*-2. Calculate l(u).
11
Let u(f) be the second derivative of f**5/20 - f**4/12 - f**3/6 - 6*f + 15. Determine u(-1).
-1
Let p = -3 - -5. Let q(h) = 3 - 4 - p - 2*h + 2. Let t(j) = j**3 - 6*j**2 - 6*j - 10. Let a be t(7). Give q(a).
5
Let g(t) be the third derivative of t**5/120 - 5*t**4/24 + 2*t**3/3 - t**2. Let v(n) be the first derivative of g(n). Let w = 6 + -2. Give v(w).
-1
Let t be (-5)/(4 - 12*18/48). Let j(q) = 3*q - 25. Calculate j(t).
5
Let s(w) = -2*w + 10. Let c = 207 - 206. Let o(x) = -2*x + 1 + x + 0*x. Let g(k) = c*s(k) - 3*o(k). Give g(0).
7
Let y(w) be the first derivative of w**4/4 - 7*w**3/3 - 4*w**2 - 2*w - 910. Determine y(8).
-2
Let p = 18 + -11. Let x(s) = s**3 - p*s**2 + 4 + 16*s - 9 - 10*s. What is x(6)?
-5
Let r = 11 - 15. Let k(l) = -11 - 8 + 30 - 74*l + 78*l - 7. Give k(r).
-12
Let l(v) = -v**2 + 5*v + 4. Suppose 2 = -5*d + 47. Suppose -8 = -4*w + 2*o, -3*w = o - 0*o - 6. Suppose 1 = w*m - d. Calculate l(m).
4
Let h(w) = -21 + 0*w + 0*w - 4*w + w. Determine h(-9).
6
Let u(h) = -h**3 - 2. Let o(l) = -2*l**3 + 6*l**2 - 2*l - 3. Let q(y) = o(y) - u(y). Give q(6).
-13
Let n(c) = 3*c - 7. Let f(u) be the second derivative of u**4/4 + u**3/6 - 5*u. Let h be f(1). Let k be (6/h)/((-9)/(-30)). Give n(k).
8
Let u(i) = 2*i**2 - 4*i - 3. Let x = 61 + -55. Suppose -1 = -4*z - 3*w - 9, -w + x = -3*z. Calculate u(z).
13
Let x(w) = -w - 4. Let d be x(-6). Let u(r) be the third derivative of r**6/120 - r**5/60 + r**4/12 - r**3/2 + 26*r**2. What is u(d)?
5
Let x(w) = w + 1. Let v be x(4). Suppose f - v = -7. Let j(b) = b**3 + 3*b**2 + 3*b + 2. Calculate j(f).
0
Let l = 517 - 505. Let x(m) = m**2 - 13*m + 15. Give x(l).
3
Let p be (-3)/(-6) - (-14)/(-4). Let w(a) = 5*a - 4. Let r(l) = 11 + 9 - 41 + 16 + 6*l. Let y(q) = p*w(q) + 2*r(q). Determine y(-2).
8
Let s(y) = y**2 + 5*y - 1. Suppose 3*d = a + 5*d + 5, 5*a = -5*d - 30. Calculate s(a).
13
Let x(w) = 5*w - 1. Let v(l) = l. Let f(b) = -8*b - 23. Let m(d) = f(d) + 6*v(d). Let y be m(-12). What is x(y)?
4
Let h be 66/(-9) - 2/3. Let i = h - -11. Let p(r) = 0*r**3 - 3 + r**3 - 2*r**2 - i*r + 4*r. Determine p(3).
9
Suppose 0 = -0*n - 3*n - 15